{"id":48,"date":"2023-11-16T18:05:19","date_gmt":"2023-11-16T18:05:19","guid":{"rendered":"https:\/\/remechi.com.br\/?page_id=48"},"modified":"2023-11-16T18:07:09","modified_gmt":"2023-11-16T18:07:09","slug":"mtch","status":"publish","type":"page","link":"https:\/\/remechi.com.br\/index.php\/mtch\/","title":{"rendered":"MTCh"},"content":{"rendered":"<h3>Hist\u00f3ria da Medicina Tradicional Chinesa<\/h3>\n<p>A Medicina Tradicional Chinesa, daqui para frente <b>MTCh<\/b>, surgiu h\u00e1 mais de 3000 anos segundo relatos dos livros Cl\u00e1ssicos Chineses, podemos ter certeza apenas que por volta do ano 300 a.c. surgiu o primeiro livro de<b> MTCh.<\/b>, este livro foi o <i>Nei Ching<\/i>, o Livro de Medicina do Imperador Amarelo.Livro b\u00e1sico da <b>MTCh<\/b> na verdade \u00e9 um di\u00e1logo entre o Imperador Amarelo e seu m\u00e9dico,Ch\u00ed Po.<\/p>\n<p>O Imperador Amarelo \u00e9 uma figura m\u00edtica da Hist\u00f3ria da China, nunca se achou uma prova arqueol\u00f3gica de sua exist\u00eancia.<\/p>\n<p>Atualmente s\u00e3o oito os principais m\u00e9todos de tratamento da Medicina Tradicional Chinesa:<\/p>\n<ul>\n<li>Fitoterapia chinesa (f\u00e1rmacos)<\/li>\n<li>Acupunctura<\/li>\n<li>Gi Gong ou Ti Kun<\/li>\n<li>Tuina ou Tui N\u00e1 (massagem e osteopatia chinesa)<\/li>\n<li>Dietoterapia (terapia alimentar chinesa)<\/li>\n<li>Auriculoterapia (tratamento pela orelha)<\/li>\n<li>Moxabust\u00e3o<\/li>\n<li>Ventosaterapia<\/li>\n<li>Pr\u00e1ticas f\u00edsicas (exerc\u00edcios integrados de respira\u00e7\u00e3o e circula\u00e7\u00e3o de energia, e medita\u00e7\u00e3o como:\u00a0 Tai Chi Chuan e algumas artes marciais) consideradas m\u00e9todos profil\u00e1ticos para a manuten\u00e7\u00e3o da sa\u00fade ou formas de interven\u00e7\u00e3o para recuper\u00e1-la.<\/li>\n<\/ul>\n","protected":false},"excerpt":{"rendered":"<p>Hist\u00f3ria da Medicina Tradicional Chinesa A Medicina Tradicional Chinesa, daqui para frente MTCh, surgiu h\u00e1 mais de 3000 anos segundo relatos dos livros Cl\u00e1ssicos Chineses, podemos ter certeza apenas que por volta do ano 300 a.c. surgiu o primeiro livro de MTCh., este livro foi o Nei Ching, o Livro de Medicina do Imperador Amarelo.Livro [&hellip;]<\/p>\n","protected":false},"author":1,"featured_media":0,"parent":0,"menu_order":0,"comment_status":"closed","ping_status":"closed","template":"","meta":{"site-sidebar-layout":"default","site-content-layout":"","ast-site-content-layout":"default","site-content-style":"default","site-sidebar-style":"default","ast-global-header-display":"","ast-banner-title-visibility":"","ast-main-header-display":"","ast-hfb-above-header-display":"","ast-hfb-below-header-display":"","ast-hfb-mobile-header-display":"","site-post-title":"","ast-breadcrumbs-content":"","ast-featured-img":"","footer-sml-layout":"","ast-disable-related-posts":"","theme-transparent-header-meta":"","adv-header-id-meta":"","stick-header-meta":"","header-above-stick-meta":"","header-main-stick-meta":"","header-below-stick-meta":"","astra-migrate-meta-layouts":"default","ast-page-background-enabled":"default","ast-page-background-meta":{"desktop":{"background-color":"var(--ast-global-color-4)","background-image":"","background-repeat":"repeat","background-position":"center center","background-size":"auto","background-attachment":"scroll","background-type":"","background-media":"","overlay-type":"","overlay-color":"","overlay-opacity":"","overlay-gradient":""},"tablet":{"background-color":"","background-image":"","background-repeat":"repeat","background-position":"center center","background-size":"auto","background-attachment":"scroll","background-type":"","background-media":"","overlay-type":"","overlay-color":"","overlay-opacity":"","overlay-gradient":""},"mobile":{"background-color":"","background-image":"","background-repeat":"repeat","background-position":"center center","background-size":"auto","background-attachment":"scroll","background-type":"","background-media":"","overlay-type":"","overlay-color":"","overlay-opacity":"","overlay-gradient":""}},"ast-content-background-meta":{"desktop":{"background-color":"var(--ast-global-color-5)","background-image":"","background-repeat":"repeat","background-position":"center center","background-size":"auto","background-attachment":"scroll","background-type":"","background-media":"","overlay-type":"","overlay-color":"","overlay-opacity":"","overlay-gradient":""},"tablet":{"background-color":"var(--ast-global-color-5)","background-image":"","background-repeat":"repeat","background-position":"center center","background-size":"auto","background-attachment":"scroll","background-type":"","background-media":"","overlay-type":"","overlay-color":"","overlay-opacity":"","overlay-gradient":""},"mobile":{"background-color":"var(--ast-global-color-5)","background-image":"","background-repeat":"repeat","background-position":"center center","background-size":"auto","background-attachment":"scroll","background-type":"","background-media":"","overlay-type":"","overlay-color":"","overlay-opacity":"","overlay-gradient":""}},"footnotes":""},"class_list":["post-48","page","type-page","status-publish","hentry"],"_links":{"self":[{"href":"https:\/\/remechi.com.br\/index.php\/wp-json\/wp\/v2\/pages\/48","targetHints":{"allow":["GET"]}}],"collection":[{"href":"https:\/\/remechi.com.br\/index.php\/wp-json\/wp\/v2\/pages"}],"about":[{"href":"https:\/\/remechi.com.br\/index.php\/wp-json\/wp\/v2\/types\/page"}],"author":[{"embeddable":true,"href":"https:\/\/remechi.com.br\/index.php\/wp-json\/wp\/v2\/users\/1"}],"replies":[{"embeddable":true,"href":"https:\/\/remechi.com.br\/index.php\/wp-json\/wp\/v2\/comments?post=48"}],"version-history":[{"count":2,"href":"https:\/\/remechi.com.br\/index.php\/wp-json\/wp\/v2\/pages\/48\/revisions"}],"predecessor-version":[{"id":51,"href":"https:\/\/remechi.com.br\/index.php\/wp-json\/wp\/v2\/pages\/48\/revisions\/51"}],"wp:attachment":[{"href":"https:\/\/remechi.com.br\/index.php\/wp-json\/wp\/v2\/media?parent=48"}],"curies":[{"name":"wp","href":"https:\/\/api.w.org\/{rel}","templated":true}]}}